{"id":8,"date":"2013-07-16T08:34:06","date_gmt":"2013-07-16T08:34:06","guid":{"rendered":"http:\/\/weserhelden.com\/?page_id=8"},"modified":"2025-04-10T16:16:03","modified_gmt":"2025-04-10T14:16:03","slug":"idee","status":"publish","type":"page","link":"https:\/\/weserhelden.com\/?page_id=8","title":{"rendered":"Idee"},"content":{"rendered":"<p><strong>Kleine Taten Gro\u00dfe Wirkung<br \/>\n<\/strong>Mit dem Sponsorenlauf verfolgen die Projektpartner*innen mehrere Zielsetzungen. Wir bringen die Jugendlichen in Bewegung und erzielen im Rahmen einer Gemeinschaftsaktion einen finanziellen Beitrag f\u00fcr Jugend- und Umweltprojekte in Bremen und Durban\/S\u00fcdafrika.<\/p>\n<p>Die Weserhelden haben in der Vergangenheit ma\u00dfgeblich geholfen, dass der Sportgarten \u00dcberseestadt &#8211; so, wie mit Kindern und Jugendlichen geplant &#8211; fertiggestellt werden konnte. Nun ist es Zeit f\u00fcr ein neues Projekt!<\/p>\n<p>Das Bewusstsein f\u00fcr Klimaschutz ist auf der Tagesordnung. Trockenheit, Hochwasserkatastrophen, Versiegelung, kennt mittlerweile jedes Kind! Wir m\u00fcssen lernen, dass Klima nicht einfach selbstverst\u00e4ndlich ist. Es bestimmt die Lebensbedingungen unserer Zukunft massiv. Es gilt, aktiv zu werden und sich f\u00fcr eine gesunde Umwelt einzusetzen!<\/p>\n<p>Die Weserhelden werden hierzu einen Beitrag leisten. Schon 2018 und 2019 wurden Gelder gesammelt, um einen Grundstock f\u00fcr die Renaturalisierung einer Bremer Brachfl\u00e4che zu bilden. Der Natur eine Chance geben und Fl\u00e4chen zu schaffen, auf denen Pflanzen und Tiere ein Zuhause finden, die aber auch zur Erholung und f\u00fcr Bewegung genutzt werden kann.<\/p>\n<p>Solche Fl\u00e4chen sind nicht selbstverst\u00e4ndlich, h\u00e4ufig sind Sport und Natur nicht unbedingt Freunde. Doch beispielsweise der Osterdeich, Knoops Park oder Caf\u00e9 Sand zeigen, dass es auch anders geht: ein naturnaher Lebensraum und Bewegungsm\u00f6glichkeiten k\u00f6nnen erfolgreich kombiniert werden!<\/p>\n<p>Auf der ehemaligen Galopprennbahn im Stadtteil Vahr besteht in den n\u00e4chsten Jahren die M\u00f6glichkeit Sport- und Bewegungsangebote in eine Parklandschaft zu integrieren. Kinder und Jugendliche k\u00f6nnen diesen Ort mitgestalten und dabei wollen wir sie unterst\u00fctzen.<\/p>\n<div id=\"attachment_668\" style=\"width: 188px\" class=\"wp-caption alignnone\"><a href=\"http:\/\/weserhelden.com\/wp-content\/uploads\/2022\/08\/Zirkuswagen-Galopprennbahn.jpeg\"><img loading=\"lazy\" decoding=\"async\" aria-describedby=\"caption-attachment-668\" class=\"wp-image-668\" src=\"http:\/\/weserhelden.com\/wp-content\/uploads\/2022\/08\/Zirkuswagen-Galopprennbahn-225x300.jpeg\" alt=\"Zirkuswagen Galopprennbahn\" width=\"178\" height=\"238\" srcset=\"https:\/\/weserhelden.com\/wp-content\/uploads\/2022\/08\/Zirkuswagen-Galopprennbahn-225x300.jpeg 225w, https:\/\/weserhelden.com\/wp-content\/uploads\/2022\/08\/Zirkuswagen-Galopprennbahn-768x1024.jpeg 768w, https:\/\/weserhelden.com\/wp-content\/uploads\/2022\/08\/Zirkuswagen-Galopprennbahn-624x832.jpeg 624w, https:\/\/weserhelden.com\/wp-content\/uploads\/2022\/08\/Zirkuswagen-Galopprennbahn.jpeg 1536w\" sizes=\"auto, (max-width: 178px) 100vw, 178px\" \/><\/a><p id=\"caption-attachment-668\" class=\"wp-caption-text\">Zirkuswagen des Sportgartens auf der Galopprennbahn<\/p><\/div>\n<p>Mit dem Sponsorengeld unterst\u00fctzt ihr au\u00dferdem Jugendliche in Bremens Klimapartnerstadt Durban\/S\u00fcdafrika bei ihrem Engagement f\u00fcr Sport\u00a0und Umwelt. Auch in Durban hat es 2022 ein verheerendes Unwetter gegeben, in dessen Folge viele Menschen ihr Zuhause verloren haben und sogar der Hafen blockiert wurde. Unser Partner Durban Green Corridor gestaltet umwelt- und ressourcenbewusst Bewegungsr\u00e4ume f\u00fcr und mit Jugendlichen in Townships.<\/p>\n<div id=\"attachment_671\" style=\"width: 310px\" class=\"wp-caption alignnone\"><a href=\"http:\/\/weserhelden.com\/wp-content\/uploads\/2022\/08\/IMG_2896.jpg\"><img loading=\"lazy\" decoding=\"async\" aria-describedby=\"caption-attachment-671\" class=\"wp-image-671 size-medium\" src=\"http:\/\/weserhelden.com\/wp-content\/uploads\/2022\/08\/IMG_2896-300x200.jpg\" alt=\"IMG_2896\" width=\"300\" height=\"200\" srcset=\"https:\/\/weserhelden.com\/wp-content\/uploads\/2022\/08\/IMG_2896-300x200.jpg 300w, https:\/\/weserhelden.com\/wp-content\/uploads\/2022\/08\/IMG_2896-768x512.jpg 768w, https:\/\/weserhelden.com\/wp-content\/uploads\/2022\/08\/IMG_2896-1024x683.jpg 1024w, https:\/\/weserhelden.com\/wp-content\/uploads\/2022\/08\/IMG_2896-624x416.jpg 624w\" sizes=\"auto, (max-width: 300px) 100vw, 300px\" \/><\/a><p id=\"caption-attachment-671\" class=\"wp-caption-text\">Besuch des Sportgarten e.V. in Durban.<\/p><\/div>\n","protected":false},"excerpt":{"rendered":"<p>Kleine Taten Gro\u00dfe Wirkung Mit dem Sponsorenlauf verfolgen die Projektpartner*innen mehrere Zielsetzungen. Wir bringen die Jugendlichen in Bewegung und erzielen im Rahmen einer Gemeinschaftsaktion einen finanziellen Beitrag f\u00fcr Jugend- und Umweltprojekte in Bremen und Durban\/S\u00fcdafrika. Die Weserhelden haben in der Vergangenheit ma\u00dfgeblich geholfen, dass der Sportgarten \u00dcberseestadt &#8211; so, wie mit Kindern und Jugendlichen geplant [&hellip;]<\/p>\n","protected":false},"author":1,"featured_media":0,"parent":0,"menu_order":0,"comment_status":"closed","ping_status":"open","template":"","meta":{"footnotes":""},"class_list":["post-8","page","type-page","status-publish","hentry"],"_links":{"self":[{"href":"https:\/\/weserhelden.com\/index.php?rest_route=\/wp\/v2\/pages\/8","targetHints":{"allow":["GET"]}}],"collection":[{"href":"https:\/\/weserhelden.com\/index.php?rest_route=\/wp\/v2\/pages"}],"about":[{"href":"https:\/\/weserhelden.com\/index.php?rest_route=\/wp\/v2\/types\/page"}],"author":[{"embeddable":true,"href":"https:\/\/weserhelden.com\/index.php?rest_route=\/wp\/v2\/users\/1"}],"replies":[{"embeddable":true,"href":"https:\/\/weserhelden.com\/index.php?rest_route=%2Fwp%2Fv2%2Fcomments&post=8"}],"version-history":[{"count":21,"href":"https:\/\/weserhelden.com\/index.php?rest_route=\/wp\/v2\/pages\/8\/revisions"}],"predecessor-version":[{"id":752,"href":"https:\/\/weserhelden.com\/index.php?rest_route=\/wp\/v2\/pages\/8\/revisions\/752"}],"wp:attachment":[{"href":"https:\/\/weserhelden.com\/index.php?rest_route=%2Fwp%2Fv2%2Fmedia&parent=8"}],"curies":[{"name":"wp","href":"https:\/\/api.w.org\/{rel}","templated":true}]}}