{"id":9,"date":"2013-07-16T08:33:26","date_gmt":"2013-07-16T08:33:26","guid":{"rendered":"http:\/\/weserhelden.com\/?page_id=9"},"modified":"2025-09-12T11:29:44","modified_gmt":"2025-09-12T09:29:44","slug":"ablauf","status":"publish","type":"page","link":"https:\/\/weserhelden.com\/?page_id=9","title":{"rendered":"Ablauf"},"content":{"rendered":"\n<p><strong>Strecke<\/strong><\/p>\n\n\n\n<figure class=\"wp-block-image size-large\"><a href=\"https:\/\/weserhelden.com\/wp-content\/uploads\/2025\/09\/Weserhelden-Route-2025-foto.jpg\"><img loading=\"lazy\" decoding=\"async\" width=\"1024\" height=\"653\" src=\"https:\/\/weserhelden.com\/wp-content\/uploads\/2025\/09\/Weserhelden-Route-2025-foto-1024x653.jpg\" alt=\"\" class=\"wp-image-848\" srcset=\"https:\/\/weserhelden.com\/wp-content\/uploads\/2025\/09\/Weserhelden-Route-2025-foto-1024x653.jpg 1024w, https:\/\/weserhelden.com\/wp-content\/uploads\/2025\/09\/Weserhelden-Route-2025-foto-300x191.jpg 300w, https:\/\/weserhelden.com\/wp-content\/uploads\/2025\/09\/Weserhelden-Route-2025-foto-768x490.jpg 768w, https:\/\/weserhelden.com\/wp-content\/uploads\/2025\/09\/Weserhelden-Route-2025-foto-624x398.jpg 624w, https:\/\/weserhelden.com\/wp-content\/uploads\/2025\/09\/Weserhelden-Route-2025-foto.jpg 1191w\" sizes=\"auto, (max-width: 1024px) 100vw, 1024px\" \/><\/a><\/figure>\n\n\n<p>Der Weserhelden-Lauf beginnt am 18.09.2025 ab 8:00 Uhr. Die L\u00e4ufer_innen starten gestaffelt den ganzen Vormittag \u00fcber.<\/p>\n<p>Alle Strecken starten am Wesertower, am Ende der Schlachte in der \u00dcberseestadt und enden im Sportgarten in der Pauliner Marsch. Je nach Bewegungsform f\u00fchren die Strecken entlang der Schlachte vorbei am Weserstadion in die Pauliner Marsch oder \u00fcber die Stephanibr\u00fccke zur Werderinsel und \u00fcber das Weserwehr zur\u00fcck zum Sportgarten. Die Laufstrecke ist 5 km lang, die Radstrecke 10,5 km und k\u00f6nnen jeweils durch Extra-Runden oder durch Bonus-Runden\u00a0 verl\u00e4ngert werden.<\/p>\n<p>Grunds\u00e4tzlich ist es m\u00f6glich, dass die sich Jugendlichen zwischen unterschiedlichen Bewegungsformen und Leistungsgruppen\u00a0entscheiden, sodass sie sich individuell<br \/>engagieren k\u00f6nnen. Die Veranstaltung f\u00f6rdert den Zusammenhalt im Klassenverband und auch einen schul- und stadtteil\u00fcbergreifenden Austausch.<\/p>\n<p>M\u00f6glich sind: der Spaziergang an der Weser | das Joggen in gem\u00e4chlichem Tempo |<br \/>Laufgruppen mit Spielern des SV Werder Bremen | Speedskaten | Radrennen am Weserdeich | das Fahren in einer BMX-Gruppe und in einer Skateboard-Gruppe.<\/p>\n<p><b>Teilnehmende Schulen 2025<\/b><\/p>\n<ul>\n<li>OS Helgolander Str.<\/li>\n<li>Schule in der Vahr<\/li>\n<li>OS Kurt-Schumacher-Allee<\/li>\n<li>GS Paul-Singer Str.<\/li>\n<li>GS Witzlebenstr.<\/li>\n<li>GS Pulverberg<\/li>\n<li>WS Elmerstr.<\/li>\n<\/ul>\n\n\n<p><strong>Weiterf\u00fchrende Informationen finden Sie in unserer Pr\u00e4sentation zum Thema Weserhelden 2025:<\/strong><\/p>\n\n\n\n<div class=\"wp-block-columns is-layout-flex wp-container-core-columns-is-layout-9d6595d7 wp-block-columns-is-layout-flex\">\n<div class=\"wp-block-column is-layout-flow wp-block-column-is-layout-flow\" style=\"flex-basis:100%\">\n<div data-wp-interactive=\"core\/file\" class=\"wp-block-file\"><object data-wp-bind--hidden=\"!state.hasPdfPreview\" hidden class=\"wp-block-file__embed\" data=\"https:\/\/weserhelden.com\/wp-content\/uploads\/2025\/09\/Vortellung-Weserhelden-2025-1.pdf\" type=\"application\/pdf\" style=\"width:100%;height:390px\" aria-label=\"Embed of Vortellung Weserhelden 2025.\"><\/object><a id=\"wp-block-file--media-9d56daa3-8811-41e7-962e-adf57abcf55d\" href=\"https:\/\/weserhelden.com\/wp-content\/uploads\/2025\/09\/Vortellung-Weserhelden-2025-1.pdf\">Vortellung Weserhelden 2025<\/a><a href=\"https:\/\/weserhelden.com\/wp-content\/uploads\/2025\/09\/Vortellung-Weserhelden-2025-1.pdf\" class=\"wp-block-file__button wp-element-button\" download aria-describedby=\"wp-block-file--media-9d56daa3-8811-41e7-962e-adf57abcf55d\">Download<\/a><\/div>\n<\/div>\n<\/div>\n\n\n\n<p><strong>Organisatorische Hinweise f\u00fcr teilnehmende Schulen:<\/strong><\/p>\n\n\n\n<p><a href=\"https:\/\/weserhelden.com\/wp-content\/uploads\/2025\/09\/I.-Vorbereitung-Weserhelden-2.pdf\">Infos zur Vorbereitung der Weserhelden f\u00fcr Teilnehmende <\/a><\/p>\n\n\n\n<p><a href=\"https:\/\/weserhelden.com\/wp-content\/uploads\/2025\/09\/II.-Durchfuhrung-Weserhelden-1.pdf\">Infos zur Durchf\u00fchrung der Weserhelden f\u00fcr Teilnehmende<\/a><\/p>\n\n\n\n<p><a href=\"https:\/\/weserhelden.com\/wp-content\/uploads\/2025\/09\/III.-Nachbereitung-Weserhelden-1.pdf\" data-type=\"link\" data-id=\"https:\/\/weserhelden.com\/wp-content\/uploads\/2025\/09\/III.-Nachbereitung-Weserhelden-1.pdf\">Infos zur Nachbereitung der Weserhelden f\u00fcr Teilnehmende<\/a><\/p>\n\n\n\n<p><strong>Weitere Dokumente f\u00fcr Teilnehmer und Presse<\/strong><\/p>\n\n\n\n<p><a href=\"https:\/\/weserhelden.com\/wp-content\/uploads\/2025\/09\/Flyer-Weserhelden-Ruckseite-2025-neue-Absatze.pdf\" data-type=\"link\" data-id=\"https:\/\/weserhelden.com\/wp-content\/uploads\/2025\/09\/Flyer-Weserhelden-Ruckseite-2025-neue-Absatze.pdf\">Flyer Weserhelden 2025<\/a><\/p>\n\n\n\n<p><a href=\"https:\/\/weserhelden.com\/wp-content\/uploads\/2025\/09\/Weserhelden_Plakat_2025_1.pdf\" data-type=\"link\" data-id=\"https:\/\/weserhelden.com\/wp-content\/uploads\/2025\/09\/Weserhelden_Plakat_2025_1.pdf\">Plakat Weserhelden 2025<\/a><\/p>\n\n\n\n<p><a href=\"https:\/\/weserhelden.com\/wp-content\/uploads\/2025\/09\/Presseinformation-Weserhelden-2025.pdf\" data-type=\"link\" data-id=\"https:\/\/weserhelden.com\/wp-content\/uploads\/2025\/09\/Presseinformation-Weserhelden-2025.pdf\">Presseinformationen Weserhelden 2025<\/a><\/p>\n","protected":false},"excerpt":{"rendered":"<p>Strecke Der Weserhelden-Lauf beginnt am 18.09.2025 ab 8:00 Uhr. Die L\u00e4ufer_innen starten gestaffelt den ganzen Vormittag \u00fcber. Alle Strecken starten am Wesertower, am Ende der Schlachte in der \u00dcberseestadt und enden im Sportgarten in der Pauliner Marsch. Je nach Bewegungsform f\u00fchren die Strecken entlang der Schlachte vorbei am Weserstadion in die Pauliner Marsch oder \u00fcber [&hellip;]<\/p>\n","protected":false},"author":1,"featured_media":0,"parent":0,"menu_order":0,"comment_status":"closed","ping_status":"open","template":"","meta":{"footnotes":""},"class_list":["post-9","page","type-page","status-publish","hentry"],"_links":{"self":[{"href":"https:\/\/weserhelden.com\/index.php?rest_route=\/wp\/v2\/pages\/9","targetHints":{"allow":["GET"]}}],"collection":[{"href":"https:\/\/weserhelden.com\/index.php?rest_route=\/wp\/v2\/pages"}],"about":[{"href":"https:\/\/weserhelden.com\/index.php?rest_route=\/wp\/v2\/types\/page"}],"author":[{"embeddable":true,"href":"https:\/\/weserhelden.com\/index.php?rest_route=\/wp\/v2\/users\/1"}],"replies":[{"embeddable":true,"href":"https:\/\/weserhelden.com\/index.php?rest_route=%2Fwp%2Fv2%2Fcomments&post=9"}],"version-history":[{"count":37,"href":"https:\/\/weserhelden.com\/index.php?rest_route=\/wp\/v2\/pages\/9\/revisions"}],"predecessor-version":[{"id":856,"href":"https:\/\/weserhelden.com\/index.php?rest_route=\/wp\/v2\/pages\/9\/revisions\/856"}],"wp:attachment":[{"href":"https:\/\/weserhelden.com\/index.php?rest_route=%2Fwp%2Fv2%2Fmedia&parent=9"}],"curies":[{"name":"wp","href":"https:\/\/api.w.org\/{rel}","templated":true}]}}